+ 4?
-5410
In base 12, what is b - 0?
b
In base 16, what is -4 - -3f?
3b
In base 9, what is 3 + -171?
-167
In base 14, what is -740 - -3?
-73b
In base 12, what is 3 + 2779?
2780
In base 8, what is 4 - -4740?
4744
In base 15, what is 4d - 5?
48
In base 2, what is 100 + 101101011011?
101101011111
In base 8, what is -72 + 20?
-52
In base 8, what is 7 - -302?
311
In base 6, what is 40 - -4?
44
In base 8, what is 132 + -1?
131
In base 11, what is 2507 - -3?
250a
In base 15, what is 3 - -17b?
17e
In base 6, what is -150 + 1?
-145
In base 2, what is 10100 - -1000?
11100
In base 3, what is 101000 - -112?
101112
In base 12, what is a + 61?
6b
In base 10, what is 6 + 47?
53
In base 5, what is 2 + 440?
442
In base 5, what is 3 - 211120?
-211112
In base 9, what is -1 + 4267?
4266
In base 15, what is 2 - -b4?
b6
In base 4, what is 3 + -310301?
-310232
In base 16, what is -3c0 - -3?
-3bd
In base 10, what is 0 + -52?
-52
In base 12, what is 3 + 11a?
121
In base 10, what is 21 - -173?
194
In base 10, what is 3974 + 7?
3981
In base 12, what is 2037 - 4?
2033
In base 12, what is 47 - 8b?
-44
In base 6, what is 24 + -14?
10
In base 2, what is -101 + -1010000010010?
-1010000010111
In base 15, what is 44 - 0?
44
In base 15, what is 41 + -8?
38
In base 10, what is -137 + -2?
-139
In base 2, what is -101 - 10011?
-11000
In base 2, what is 11 + -1001000?
-1000101
In base 13, what is -223 - -2?
-221
In base 15, what is 4 - -628?
62c
In base 4, what is 1 - -120?
121
In base 2, what is -1000100001011 + 1?
-1000100001010
In base 2, what is -101 - -111101?
111000
In base 11, what is -1 - -644?
643
In base 8, what is -4 + -576?
-602
In base 15, what is 12a4 - -2?
12a6
In base 8, what is 1 + 1011?
1012
In base 15, what is -1d5 - 4?
-1d9
In base 15, what is 9 - -c?
16
In base 6, what is 5 + -444?
-435
In base 4, what is -2 - -30201?
30133
In base 12, what is 3222 + 2?
3224
In base 5, what is 1043 - 4?
1034
In base 13, what is 296 - 2?
294
In base 15, what is 11 + 285?
296
In base 2, what is -10101 + 1?
-10100
In base 15, what is 4 - 301?
-2ec
In base 6, what is 3 + -322?
-315
In base 14, what is 5 + -17d5?
-17d0
In base 12, what is -173 + 4?
-16b
In base 5, what is -11301 + 0?
-11301
In base 4, what is 220 - 0?
220
In base 6, what is 4431 - 23?
4404
In base 5, what is -4 - -242243?
242234
In base 10, what is 4 + -147?
-143
In base 2, what is 1101111 - -101111?
10011110
In base 12, what is 2 - -391?
393
In base 13, what is -22 + 61?
3c
In base 11, what is 2 + -3a0?
-399
In base 3, what is 2 + -1111111?
-1111102
In base 10, what is -154 + 3?
-151
In base 6, what is -5 - -520?
511
In base 10, what is -774 - -3?
-771
In base 5, what is 0 + -41?
-41
In base 16, what is 29 + 22?
4b
In base 2, what is 1001110 - 10110101?
-1100111
In base 13, what is 65 + -5?
60
In base 15, what is c75 + -4?
c71
In base 15, what is -120 - -3?
-11c
In base 5, what is -10300 + -3?
-10303
In base 16, what is 4 - -1b?
1f
In base 14, what is 6 - 1c0a?
-1c04
In base 15, what is 8 + 2?
a
In base 14, what is -1 + -4ab?
-4ac
In base 8, what is -27 + -33?
-62
In base 13, what is -c - -5?
-7
In base 5, what is -2 + 224?
222
In base 16, what is -7e + -1?
-7f
In base 14, what is -65 - -5?
-60
In base 2, what is 1101101 - 1010010?
11011
In base 12, what is -5 + -86a?
-873
In base 8, what is -407 + 0?
-407
In base 9, what is 2 - -33?
35
In base 12, what is 4 - -2b06?
2b0a
In base 5, what is 10 + -11?
-1
In base 8, what is -123 + 77?
-24
In base 14, what is -955 - -3?
-952
In base 8, what is 2260 + 4?
2264
In base 8, what is 26 + -3?
23
In base 8, what is -1 - -70?
67
In base 13, what is 300 - 2?
2cb
In base 3, what is 0 - -1011101?
1011101
In base 7, what is -2 - -20?
15
In base 4, what is -111 + -12?
-123
In base 6, what is 213 + -3?
210
In base 5, what is 2214 + 320?
3034
In base 2, what is -100100101111 + 0?
-100100101111
In base 12, what is 3b - -3?
42
In base 13, what is -134 - -8?
-129
In base 6, what is -15 + -1004?
-1023
In base 11, what is -4 + -31?
-35
In base 10, what is 2639 + -1?
2638
In base 15, what is 2d3 - -2?
2d5
In base 14, what is 10 + 5?
15
In base 8, what is 451 + 20?
471
In base 13, what is 4 + -a10?
-a09
In base 6, what is -44303 - -4?
-44255
In base 6, what is 4 - 101?
-53
In base 3, what is -12112 - 101?
-12220
In base 13, what is -1 + 9a2?
9a1
In base 10, what is 1 + -97?
-96
In base 13, what is a4 + 2?
a6
In base 9, what is 3 - 224?
-221
In base 6, what is -3 + 420?
413
In base 4, what is 203133 - -10?
203203
In base 3, what is -111121 - -12?
-111102
In base 5, what is 10 + -12110?
-12100
In base 16, what is 132 + -1?
131
In base 9, what is -4 + -24?
-28
In base 6, what is -324 - 2?
-330
In base 11, what is 7 - 7?
0
In base 2, what is -110 - 1?
-111
In base 5, what is 3024323 + 4?
3024332
In base 16, what is -4b - 4c?
-97
In base 8, what is -12 - 27?
-41
In base 5, what is -11442 + 3?
-11434
In base 12, what is -2 - -200?
1ba
In base 14, what is -9 - 3ac?
-3b7
In base 15, what is -3 - 27?
-2a
In base 11, what is 275 - -6?
280
In base 13, what is 7 - 6?
1
In base 3, what is 2 + 2210?
2212
In base 16, what is -1 + 51?
50
In base 10, what is -1498 - -6?
-1492
In base 2, what is 11111 + 101?
100100
In base 2, what is -1 + 110100010?
110100001
In base 13, what is -5 + -192?
-197
In base 15, what is -2 - -683?
681
In base 14, what is 227 - -3?
22a
In base 8, what is 12 + -12?
0
In base 7, what is 2155 - 3?
2152
In base 3, what is 211111 + 10?
211121
In base 7, what is 2 - 1122?
-1120
In base 10, what is 1928 + -2?
1926
In base 14, what is 1c - -4?
22
In base 9, what is -271 - -57?
-213
In base 5, what is -14 + -31?
-100
In base 4, what is 233 + -1120?
-221
In base 3, what is -1 + -10010?
-10011
In base 8, what is -3 - 111?
-114
In base 4, what is 22 + 22?
110
In base 10, what is -312 + 3?
-309
In base 5, what is -3 + -142112?
-142120
In base 7, what is 610 + 33?
643
In base 16, what is -5 + -60c?
-611
In base 7, what is -1012 - -5?
-1004
In base 10, what is -694 - 4?
-698
In base 6, what is -303 + 335?
32
In base 15, what is -1e + d?
-11
In base 2, what is 1011 - -11101?
101000
In base 8, what is -34 - -36?
2
In base 12, what is -11 - 399?
-3aa
In base 3, what is -1111 - 1111?
-2222
In base 15, what is 682 + 2?
684
In base 3, what is -210101 + -112?
-210220
In base 7, what is -3 - -1343?
1340
In base 10, what is -180 - 8?
-188
In base 9, what is -3 - 1382?
-1385
In base 11, what is 246 - 3?
243
In base 5, what is 10140 - -2?
10142
In base 9, what is 4 - 143?
-138
In base 8, what is -42 - -20?
-22
In base 8, what is -3335 - 0?
-3335
In base 16, what is 78 - 5?
73
In base 8, what is 4 + 26?
32
In base 13, what is -1b7 - -5?
-1b2
In base 12, what is -92 - a?
-a0
In base 10, what is 4405 - -2?
4407
In base 6, what is 1002 - -15?
1021
In base 3, what is -1211 - 12?
-2000
In base 7, what is 1301 - -1?
1302
In base 5, what is 101 + -1334?
-1233
In base 15, what is -2 + 30?
2d
In base 13, what is -4 - -3?
-1
In base 12, what is -284 - -3?
-281
In base 6, what is -3 - -51504?
51501
In base 9, what is -1482 + -4?
-1486
In base 3, what is 0 + -122020?
-122020
In base 15, what is aa - 6?
a4
In base 13, what is -97 + 1?
-96
In base 5, what is -2000023 - -3?
-2000020
In base 3, what is -110210 - -12?
-110121
In base 2, what is 11 - 100000000?
-11111101
In base 9, what is 344 - 1?
343
In base 8, what is -4 + -235?
-241
In base 8, what is 4 + 35?
41
In base 15, what is 5 + -53?
-4d
In base 9, what is 5 + 75?
81
In base 4, what is -13120 - -10?
-13110
In base 6, what is -254 + -34?
-332
In base 8, what is -3 - -3?
0
In base 3, what is -201 + -211?
-1112
In base 15, what is -14e - -2?
-14c
In base 4, what is 102213 - -23?
102302
In base 16, what is 2 + 585?
587
In base 10, what is 982 - -1?
983
In base 9, what is 2 + -33?
-31
In base 15, what is 3 - 3b6?
-3b3
In base 2, what is 101010001001 + -101?
101010000100
In base 16, what is -cf2 - -1?
-cf1
In base 7, what is 16 - -31?
50
In base 4, what is 110 + -30?
20
In base 7, what is -4 - -2156?
2152
In base 14, what is -2 + -89?
-8b
In base 16, what is 1 + 47?
48
In base 10, what is 311 - 2?
309
In base 9, what is 1 + -107?
-106
In base 15, what is 0 - 23ca?
-23ca
In base 7, what is 1443 - -11?
1454
In base 12, what is 3 + -8a1?
-89a
In base 2, what is -1 + -